= 3*j - 1. Suppose 5*r = 9*r - 20. Let k = 0 - -6. Suppose k = r*u + 16. Give o(u).
-7
Let w(r) = 3*r**3 - 3*r**2 - r + 1. Let u(m) = -m**2 + m**3 + 10*m + 0*m**2 - 10*m. Let b = -2 + 3. Let s(i) = b*w(i) - 4*u(i). Calculate s(0).
1
Let r(u) = 178*u + u**2 - 3 - 89*u - 88*u. Calculate r(-3).
3
Let h(g) = -5*g**2 - 3*g + 4. Let r(i) = -6*i**2 - 4*i + 4. Suppose 0*a + 5*a + 20 = 0. Let b(v) = a*r(v) + 5*h(v). Determine b(3).
-2
Let a(v) be the first derivative of v**2/2 - 12*v - 2. Give a(10).
-2
Let g(y) be the third derivative of y**4/8 - y**3/3 + 21*y**2. Calculate g(4).
10
Let l(i) = -i**3 + i**2 + i - 1. Let g(a) = -4*a**3 + 3*a**2 + 2*a - 14. Let x(q) = -g(q) + 3*l(q). Give x(0).
11
Let s(k) = -k**3 - 5*k**2 - 4*k + 1. Suppose -4*g + 2*a + 42 = 0, 2*a - 38 = g - 5*g. Let c = -27 + 14. Let b = c + g. Give s(b).
-5
Let k(x) be the first derivative of x**3/3 + x**2 - 2*x + 1. Let l(r) = -r**3 + 9*r**2 + 10*r - 3. Let c be l(10). Determine k(c).
1
Let y(u) = -u**2 - 2*u + 3. Let z(v) = -4*v - 2 - 12*v**2 - v**3 + 4 + 4*v. Let l be z(-12). What is y(l)?
-5
Let h(u) = 3*u**2 + 14*u + 13. Let f(n) = -4*n**2 - 21*n - 19. Let x(o) = 5*f(o) + 7*h(o). Let l be (-5 - (-138)/42)*14/(-4). Give x(l).
-10
Let h be 2 - 1 - (-4 - -1). Let d(v) be the third derivative of -v**5/60 + v**4/6 + v**3/6 - 2*v**2. Calculate d(h).
1
Let h(s) = -2*s**2 - 3*s + 4. Suppose 3*o - 2*o = 0. Suppose -4*f - 5*z = 27, 2*f + o*z - 3 = 3*z. Calculate h(f).
-5
Let j(m) be the first derivative of -m**4/4 - m**3 - m**2/2 - 2*m + 4. Let l(a) = -3*a**2 + 1. Let f be l(-1). What is j(f)?
-4
Let h(y) be the second derivative of y**5/20 + y**4/3 + y**3/3 + y**2/2 - 3*y. Let b be -2 + (4*1)/(-2). Determine h(b).
-7
Suppose 0 = -3*m + 6*m - 18. Let q be (-2)/8 - (-15)/(-4). Let o be (q/m)/((-4)/24). Let l(d) = d**3 - 4*d**2 + d - 3. What is l(o)?
1
Let w(t) = t**3 - 2*t + 1. Let p be w(-2). Let x(k) = -k**2 - 2*k + 3. What is x(p)?
0
Let m = 0 + 0. Let z(o) = o**3 - 5*o**2 + 4. Let a(g) = 3*g**3 - 14*g**2 + 11. Let c(k) = -6*a(k) + 17*z(k). Give c(m).
2
Let j(s) be the second derivative of 1/12*s**4 - s**2 + 0 + 5*s - 1/2*s**3. Let l be (-57)/(-21) + (-2)/(-7). Determine j(l).
-2
Let f(m) be the third derivative of -m**6/120 + m**5/20 + m**3/6 + 4*m**2. Let x be 14/8 + (-2)/(-8). Determine f(x).
5
Let q(r) = 10 + 2*r + r - 5 - 4*r. Suppose -5*i + 17 = -13. What is q(i)?
-1
Let x(d) be the second derivative of -10*d**3/3 - d**2/2 + 2*d - 7. Calculate x(1).
-21
Let u = 7 + -7. Suppose 15 = 3*y - u*y. Let b(g) = -g + 1. What is b(y)?
-4
Let o(n) be the first derivative of -3*n**2/2 - n - 11. What is o(1)?
-4
Suppose 0 = -0*g - 5*g + 40. Let w = -6 + g. Let q(v) = -2 + 3*v + w. What is q(-3)?
-9
Let a be (-1 - -4)*2/6. Let w(m) = 3*m**2 - 3. Let i(t) = 11*t**2 - t - 13. Let k(o) = -2*i(o) + 9*w(o). Determine k(a).
6
Let g(a) = a**2 - 3*a - 4. Let z = -14 + 18. Calculate g(z).
0
Let b(w) = -1. Let m(i) = i**2 + 6*i - 3. Let v(x) = 4*b(x) - m(x). What is v(-5)?
4
Let i(z) = -z**2 - 3*z + 7. Suppose 0 = 5*s + 5 - 10. Let n be -6 - (-2 + 0 + s). Calculate i(n).
-3
Suppose q + 8 = -7*q. Suppose -3*m + 6 = 0, 9*a - m - 8 = 4*a. Let k be q/a*-1*10. Let l(n) = n - 4. Calculate l(k).
1
Let u(f) = -4*f + 22. Let p be u(7). Let v(z) = -z**3 - 12*z**2 - 5*z - 2. Let h(w) = w**3 + 11*w**2 + 4*w + 1. Let q(o) = -6*h(o) - 5*v(o). Give q(p).
-2
Let q(b) be the third derivative of b**7/5040 - b**6/720 + b**5/60 - 3*b**2. Let j(o) be the third derivative of q(o). Let a = -6 - -3. What is j(a)?
-4
Let a = 1 - -6. Let d(i) = i + 9. Let p be d(-6). Let x(c) = p*c + c - c + 4 - a. What is x(4)?
9
Let d(m) = -3*m**2 - 2*m + 1. Let z(k) = -7*k**2 - 3*k + 1. Let u(b) = 5*d(b) - 2*z(b). Calculate u(2).
-9
Let v(z) = z**2 - 4*z - 1. Let x be -3 - -4 - (1 + 0). Let r be (x - -6)*10/4. Suppose r = 4*s + 3. What is v(s)?
-4
Let g(c) = -c**2 + 7. Let a be -4 + (12 - 4) + -4. Determine g(a).
7
Let x(j) = 9*j + 3. Let u(w) = 46*w + 16. Let z(i) = -2*u(i) + 11*x(i). What is z(1)?
8
Let y(r) = -r - 1. Let j(i) = 3*i + 1. Let k(x) = -j(x) - 2*y(x). Determine k(-7).
8
Let q = 37 + -39. Let f(y) = y - 2. Determine f(q).
-4
Let t(v) = 6*v + 12. Let m(w) = 4*w - 2. Let h(r) = 11*r - 5. Let p(y) = -3*h(y) + 8*m(y). Let n(j) = 9*p(j) + t(j). Determine n(3).
-6
Let a(x) be the third derivative of -x**6/120 + x**5/12 - x**4/24 + 7*x**3/6 + 41*x**2. Determine a(5).
2
Let o(q) be the second derivative of -q**3/6 - 3*q**2 + 8*q. Give o(-6).
0
Let o(g) = g - 7. Let z(h) = h**2 - 6*h - 4. Let n be z(7). Let r be o(n). Let x = -1 - r. Let m(c) = -2*c**2 + 3*c. Calculate m(x).
-9
Let k = 1 + -2. Let g = -8 + 10. Let x be g*(-1 - (1 + k)). Let h(p) = 3*p**2 + 3*p + 1. Determine h(x).
7
Suppose 2*l + 2*l = 3*l. Let m(k) = -k - 4. Determine m(l).
-4
Let s = -6 + 8. Let c = s + 2. Let i(a) = -5*a - c + 5*a - a. What is i(-3)?
-1
Let a(d) be the third derivative of 2*d**2 + 1/12*d**4 + 1/6*d**3 + 0*d + 0. Calculate a(4).
9
Let o(x) be the third derivative of -x**8/6720 - x**7/630 + x**6/720 + x**5/40 + x**4/8 + x**2. Let c(m) be the second derivative of o(m). Give c(-4).
-1
Let n be 12/7 - (-2)/7. Let o(i) = -n*i**3 - 4 + i**3 + 2*i**3 + 1. Suppose 2*r = 6*r. Give o(r).
-3
Let w(n) = n**3 - 11*n**2 - 2. Let o be 68/6 - 6/18. Determine w(o).
-2
Let p(s) = -5*s - 7. Let q be p(-3). Suppose 3*v = 7*v - q. Let j(r) = -r**3 + 3*r**2 - r - 1. Calculate j(v).
1
Let y(h) be the first derivative of -h**2/2 - 6*h - 5. Give y(-5).
-1
Let k(p) be the second derivative of p**4/12 + p**3 - 21*p. Calculate k(-6).
0
Let k(x) = -x**2 + 13*x - 1. Let t(l) = -l. Let a(p) = k(p) + 6*t(p). Calculate a(5).
9
Let u(q) = -q**3 + 3*q + 1. Let c(b) = 3*b - 9. Let v be c(2). Calculate u(v).
19
Let u(r) = -r + 11 - 2*r - 15. Determine u(3).
-13
Suppose -2*h + 4 = -0. Let d(b) = 5*b**2 - 9*b**2 - b - 3 + 3*b**h. Calculate d(0).
-3
Suppose 3*x - 25 = -2*x. Suppose -7 - 3 = -x*h. Let b(f) = -4 - 1 - 3*f + h. Determine b(-3).
6
Let f(t) = 4*t**2 + 2*t + 3. Let z(i) = -2*i - 7*i**2 + 0 + 2*i**2 - 4. Let y(j) = 7*f(j) + 6*z(j). What is y(2)?
-7
Let s(f) = 4 - 3 - 4*f + 3 - 5. Determine s(-1).
3
Let o(v) = 2*v**3 - 3*v**2 + 4*v - 3. Suppose -6 = -9*y + 6*y. Give o(y).
9
Let t = 18 + -12. Suppose -2*k + t = 2. Let o(d) = -2*d**2 + 2*d. Determine o(k).
-4
Let b = 8 - 3. Let a(l) = l**3 - 4*l**2 - 5*l + 5. Give a(b).
5
Let h(p) = -p. Let g(t) = t**3 - 3*t**2 + 3*t - 4. Let s be g(3). Calculate h(s).
-5
Let t(x) = -x**3 - 2*x**2 - x + 2. Let o be t(-2). Suppose -3*j + o*b + 5 = -8*j, -16 = 3*j + 5*b. Let h(l) = -3*l + 3. Give h(j).
-6
Let l be (-10)/(-3)*(-66)/(-44). Let a(w) = -w**2 + 6*w + 7. Calculate a(l).
12
Let h = -8 + 3. Let m be -1*h/2*-2. Let b(k) = -k**3 - 4*k**2 + 4*k - 4. Calculate b(m).
1
Let t(z) = 8*z**2 - 1. Let u(b) = -b - 4. Let n be u(-3). Give t(n).
7
Let q(x) = -x**3 - 5*x**2 + 2*x + 5. Let d be q(-5). Let t(g) be the third derivative of g**4/24 + g**3/2 - 2*g**2 - 5. Determine t(d).
-2
Let t(d) be the third derivative of d**6/120 - d**5/10 + d**4/8 + 5*d**3/6 - 11*d**2. Determine t(5).
-5
Let y(m) = m**2 + 7*m + 1. Suppose 5*u + 50 = 4*k, k - 43 = 5*u - 8. Give y(u).
-5
Suppose 0 = -5*m + 4*q - 14, -5*q = -2*m + 4*m - 1. Let t(f) be the third derivative of f**6/120 + f**5/30 + f**4/24 - f**3/6 - f**2. Calculate t(m).
-3
Let u(n) = 14*n + 1. Let i = -55 + 56. What is u(i)?
15
Let r(w) be the second derivative of w**4/6 + w**3/2 + w**2/2 - 9*w. Calculate r(-2).
3
Suppose 7*o + 6 = 4*o. Let b(w) = -3*w**2. What is b(o)?
-12
Let y(a) = -2*a + 23. Let l be y(15). Let v(g) = -g**3 - 8*g**2 - 8*g - 8. Give v(l).
-1
Let s(h) be the second derivative of -h**3/6 - 11*h**2/2 - 43*h. What is s(-8)?
-3
Suppose -25 = 4*n + n. Let b(p) = -p**3 - 4*p**2 + 3*p - 6. Let s be b(n). Suppose 5*i = -4*w - 7, 7 = s*i - w - 0. Let z(c) = -9*c. Calculate z(i).
-9
Let v(b) = -6*b. Let o(y) = -y - 1. Let m(q) = -q - 1. Let g(a) = 3*m(a) - 4*o(a). Let j be g(-2). Calculate v(j).
6
Let x(o) = -o**3 + 3*o**2 + 5*o - 4. Let k be x(4). Suppose k = 5*i - 6 + 16. Let u be (0 + i)*2/(-4). Let z(n) = 6*n**2 - n + 1. Give z(u).
6
Let x(k) = -k + 2. Let f be 1 + (1 - 2)/(-1). Let q(j) = -j**3 + 2*j**2 + 2*j - 2. Let b be q(2). Suppose -4*d = -t + 4, 2*d = -f*t + 5*d - b. Give x(t).
6
Let v(i) 